 = 0. Give y(g).
-7
Let r(z) = -z**2 + 7*z + 1. Let u(j) = 3*j - 89. Let c be u(32). Determine r(c).
1
Let i(h) = h**2 + 2*h - 1. Let p(g) = -6*g + 0*g + 8*g - 3 + 0. Let w be p(2). Determine i(w).
2
Let c be (-10)/8*(-12)/3. Let u(z) = z**3 - 11*z**2 + z - 8. Let a be u(11). Let k(p) = -5*p**2 + 3*p**2 + c*p - p**2 + 9 - a - p**3. What is k(-4)?
2
Let m(x) = x**3 + 4*x**2 - 2*x - 4. Let s(b) = 7*b**2 + b - 2. Let y(i) = i**2. Let z(f) = -s(f) + 6*y(f). Let v be z(2). Calculate m(v).
4
Let r(v) be the third derivative of v**4/8 + 2*v**3/3 + 23*v**2. Give r(-5).
-11
Let p(u) be the second derivative of 1/12*u**4 + 0 - 1/2*u**3 - 3*u**2 + 2*u. Let h = 4 - -1. Give p(h).
4
Let k(b) = 20*b**2 + 18*b - 17. Let r(u) = -7*u**2 - 6*u + 6. Let l(p) = -6*k(p) - 17*r(p). Determine l(-8).
-16
Let b(n) be the third derivative of -n**6/120 - n**5/12 - n**4/12 + n**3/2 + 8*n**2. Give b(-4).
-5
Let g(y) = -y - 3. Suppose 13 = 3*a - 4*n - 8, 0 = -n - 3. Let c = 0 + a. Let q(j) = -j - 2. Let x(z) = c*q(z) - 4*g(z). Determine x(-5).
1
Let d = -9 + 11. Suppose 2*x + d*x = 0. Let i(r) = -2*r + r + 2*r - 3. Determine i(x).
-3
Let o(n) = 2*n - 9. Let i be o(8). Let q(k) = k - 10. Let f be q(i). Let m(c) = c - 2. Calculate m(f).
-5
Let t = 125 - 120. Let x(f) be the first derivative of 2*f**3 - 2*f + 1 - 1/4*f**4 - 3/2*f**2. Determine x(t).
8
Let m(s) = -s**2 - 12*s - 19. Let x be m(-10). Let y(g) = -g**3 + g**2 + 1. Give y(x).
1
Let m(u) = -u + 3. Let b be ((-2)/(-3))/(8*(-1)/(-36)). Calculate m(b).
0
Let z = 3 - 4. Let s(w) = 8*w - 8*w - w**3 + 1 - 3*w**2. Give s(z).
-1
Let g(j) = -j - 4 + 1 - 3 - 1. Let k(a) = a**3 + 3*a**2 - 5*a - 2. Let u be k(-4). Let i be u/(-7) + 4/14. What is g(i)?
-7
Let n(i) = 4*i**2 - 5*i - 4. Let l(w) = 3*w**2 - 5*w - 3. Let y(o) = -3*l(o) + 2*n(o). Suppose -6 = u + 2. Let k = 12 + u. What is y(k)?
5
Let n(k) be the second derivative of k**3/3 - 5*k**2/2 - k. Suppose 17*m - 14*m = -3*p + 24, -5*p - 4*m = -37. Calculate n(p).
5
Let s(a) be the first derivative of a**2/2 - 2*a + 44. What is s(3)?
1
Let k = -4 + 9. Let m = 1 - -3. Let o(z) = -z - m*z + 7 + 4*z. Determine o(k).
2
Let c(z) = 7*z**3 + 2*z**2 + 3*z + 2. Let g be c(-1). Let m(p) be the second derivative of -p**4/12 - 5*p**3/6 + 2*p**2 - 2*p. Determine m(g).
-2
Suppose -5*z + 3*z - 3*w = 3, 2*w = 4*z - 18. Suppose l + z*i = 7*i + 10, 4*l + 2*i = -14. Let q(s) = 1 - 3 + s**2 + s**3 + s + 3. What is q(l)?
-5
Let w be 0*(-2)/6 - -6. Suppose -b - b = w. Let h(l) = -2*l. What is h(b)?
6
Let n = 162 - 167. Let r(i) = -i**2 - 5*i + 2. Give r(n).
2
Let t(r) be the second derivative of -r**4/12 + 2*r**3/3 - r**2/2 - 27*r. Calculate t(3).
2
Suppose -s + 1 = -1. Let b(u) = -u**3 - 7*u**2 + 4*u - 3. Let g(n) = -5*n**3 - 29*n**2 + 15*n - 12. Let t(y) = s*g(y) - 9*b(y). Determine t(4).
-5
Let s = 41 + -29. Suppose -4*a = -4 - s. Let v be 4/(-8) - (-6)/a. Let j(q) = -7*q. Determine j(v).
-7
Let n(u) = -u**3 + 3*u**2 + 4*u. Let d(l) = l + 15. Let y be d(-12). Calculate n(y).
12
Suppose 0 = -u - 6 + 2. Let h(d) = -d**3 + d**2 - d - 7. Let f be h(0). Let s(i) = 7*i + 10. Let v(l) = -10*l - 15. Let z(g) = f*s(g) - 5*v(g). Give z(u).
1
Suppose 0 = 2*w + 4 - 20. Let s be w/(-10)*10/(-4). Let y(u) be the third derivative of u**4/24 - u**3/3 + 2*u**2. Calculate y(s).
0
Let d(g) = 21*g**2 + g + 1. Let l = -44 + 43. Calculate d(l).
21
Suppose r = -r + 6. Let w(p) = -3*p**2 + 3*p**2 - p + p**2 + 1 + 7*p**r. What is w(1)?
8
Let b be (-1 - 10/(-6))*3. Let g(d) = -d**3 - d**2 - d. Let t(v) = 6*v**3 + 3*v**2 + 5*v - 1. Let j(z) = 5*g(z) + t(z). Give j(b).
-1
Suppose -5*y - c + 18 = 0, -3*y + 0*y - 3*c + 18 = 0. Suppose y*r = -2*r - 20. Let g(d) = -5 - d**2 + 2*d**2 + d + d. Calculate g(r).
3
Let m(o) = -o. Let h(j) = -3*j - 1. Let l(d) = -h(d) + 2*m(d). What is l(2)?
3
Let u(o) be the third derivative of -2*o**5/15 - o**4/24 - o**3/6 - 3*o**2. Give u(-1).
-8
Let p(l) = -13*l - 1. Let y(w) = -w - 1. Let n(c) = 3. Let m(b) = n(b) + 3*y(b). Let t be (4 + -1)*8/(-6). Let r(a) = t*p(a) + 18*m(a). Give r(5).
-6
Let w(u) = -2*u**2 + u. Let n be w(1). Let j(m) = m**2 + 6*m + 4. Let s be j(-5). Let g = s - n. Let c(k) = k + 4. Give c(g).
4
Let i(m) = -m + 2. Let s = -23 - -30. Calculate i(s).
-5
Let p(n) = -n + 9. Suppose f - 3 + 18 = 0. Let a = f + 21. What is p(a)?
3
Let c(z) = -z - 1. Let o(t) = t**3 - 12*t**2 - 13*t. Let p be o(13). Give c(p).
-1
Let p(b) = b + 2. Let g(z) = 3*z + 4. Let k(v) = 2*g(v) - 5*p(v). What is k(1)?
-1
Let z(f) = f**2 - f. Let l(t) = t**2 + 4*t + 3. Let k be l(-3). Determine z(k).
0
Let y = 3 - -1. Let l(u) = 0*u**2 - 11 - y*u**2 + 2 + 8*u + 3*u**2. Give l(6).
3
Let t(n) = 2*n**2 + 5*n + 0*n**2 + 3 - n**3 - 2*n. Let x be (-1)/4*(-17 + 5). What is t(x)?
3
Let b(p) = -p**3 - 4*p**2 + 2*p - 7. Let q = -17 + 12. Give b(q).
8
Let f be 4/(-10) - 65/25. Let n(s) = -2*s**3 - 6. Let a(d) = d**3 - d**2 - d + 5. Let m(x) = 3*a(x) + 2*n(x). Calculate m(f).
12
Let c = 1 - 1. Suppose 3*d - b + 27 = c, -5*d - 4*b = -7*b + 45. Let j = -5 - d. Let s(i) = i**3 - 4*i**2 + i - 2. Calculate s(j).
2
Let b be 18/(-8) + (-9)/12. Let x be 1/(3/(3 - b)). Let a(d) = d - 4. Determine a(x).
-2
Let i(z) = -2*z**2 + 3*z - 2. Let t be ((-1)/3)/(2/(-18)). Calculate i(t).
-11
Suppose 5*i - 22 = -5*f + 2*i, 4*i + 29 = 5*f. Let n(b) = -2*b**2 + 8*b - 5. Determine n(f).
-15
Let i(n) be the second derivative of -8*n**3/3 + n**2/2 + n. Let z = 1 + 0. Calculate i(z).
-15
Let r(m) = m**2 + 5*m - 3. Let a = -1 - 3. Calculate r(a).
-7
Let r = -18 + 13. Let j be (18/(-15))/((-2)/5). Let l(a) = -2*a**2 + 9*a + 4. Let p(h) = 3*h**2 - 17*h - 9. Let n(u) = j*p(u) + 5*l(u). What is n(r)?
-2
Let p(n) = -n - 1. Suppose -3*c - u = 31, 5*u - 45 = 4*c + c. Let q = c - -8. Determine p(q).
1
Suppose -4*h = 2*h + 6. Let o(b) = 8*b**3 + 1. Give o(h).
-7
Let t(z) = z - 3. Suppose 15*l - 20*l + 40 = 0. Give t(l).
5
Let z(n) be the first derivative of n**3/3 + n**2/2 - 3*n + 1. Let x be z(-4). Let s = x + -5. Let p(m) = m**2 - 2*m - 3. What is p(s)?
5
Let a(q) be the first derivative of -q**5/40 + q**4/6 + 5*q**3/3 - 2. Let w(h) be the third derivative of a(h). What is w(3)?
-5
Let u(a) be the third derivative of a**4/24 + a**3/2 + a**2. Let s(j) = j**2 + 19*j - 24. Let k be s(-20). Determine u(k).
-1
Let l(s) = 14*s**3 - 13*s**2 + 17*s - 10. Let h(v) = -5*v**3 + 4*v**2 - 6*v + 3. Let r(o) = 11*h(o) + 4*l(o). Calculate r(8).
9
Let c(y) = 13*y**2 + 5*y + 5. Let l(s) = -3*s**2 - s - 1. Let h(t) = 2*c(t) + 9*l(t). Let m(v) be the first derivative of h(v). What is m(1)?
-1
Let k(m) = -20*m - 16. Let z(a) = 4*a + 3. Let u(y) = -2*k(y) - 11*z(y). Suppose 0 = -v - 3 + 4. Calculate u(v).
-5
Let w(a) = 4*a**2 + 19*a + 25. Let n be (13 - 11)*-1*1. Let v(t) = -t**2 - 5*t - 6. Let p(s) = n*w(s) - 9*v(s). Let u = -15 - -10. Give p(u).
-6
Suppose -2*o = -10*o - 16. Let k(h) = -h**2 + 3*h + 3. Calculate k(o).
-7
Let i(n) = -3*n**2 - 3*n - 2. Let d = 5 - -5. Suppose 2*y + 14 = -5*a, 4*y + d = -0*a - a. What is i(a)?
-8
Let p be (-348)/84 - (-1)/7. Let z(d) = d**3 + 3*d**2 + 3. What is z(p)?
-13
Let f(p) be the second derivative of -p**3/6 - p**2 - p. Let n be 2/9 + 168/(-27). Give f(n).
4
Let l = 4 - -1. Suppose 0*o - o + 2 = 0. Let j(s) = 4*s - o*s + 0*s - 5. Determine j(l).
5
Suppose -2*v - 13 = 3*a, 0 = -3*v + 4*a + a + 9. Let c be (-132)/21 + v/(-7). Let j(r) = -r**2 - 5*r + 4. Calculate j(c).
-2
Let t(z) = z**2 + 3*z - 3. Let b be t(-4). Let n be ((-5)/1*b)/1. Let a(c) = c**3 + 6*c**2 + 3*c - 6. Give a(n).
4
Suppose 0 = 2*s - 2*q - 22, q = 3*q - 2. Suppose 0 = -3*d - 0 - s. Let n(l) = l**2 + 2*l. Determine n(d).
8
Let x be 4/6 - 4/12*-1. Let k(q) = 8*q**2 - q. What is k(x)?
7
Let o(l) be the second derivative of -l**3/3 + 3*l**2 - 46*l. Determine o(6).
-6
Suppose -4*i = -18 - 2. Let b be -2 - -4 - 0 - 0. Let j(c) = -4*c - i*c + 2*c**b + 6*c + 2. Calculate j(2).
4
Let d(u) be the third derivative of u**4/3 + u**3/6 + 41*u**2. Determine d(-1).
-7
Let j(b) be the second derivative of -b**3/6 + 8*b**2 + 7*b. Calculate j(8).
8
Let x = 1190 + -1192. Let c(r) be the first derivative of -r**4/4 - r**3/3 + r**2 + r - 1. Give c(x).
1
Suppose -5*l - 25 = -3*g, 5*l + 5 = -g - 0*g. Let v(k) = -k**3 + 5*k**2 - 2*k + 7. Give v(g).
-3
Let i(h) = -3*h**3 + h**2 + 4*h - 5